{"id":146,"date":"2014-03-26T15:15:09","date_gmt":"2014-03-26T13:15:09","guid":{"rendered":"https:\/\/tennisverein-rassach.at\/wordpress\/?page_id=146"},"modified":"2025-01-21T11:58:05","modified_gmt":"2025-01-21T09:58:05","slug":"mitglied-werden","status":"publish","type":"page","link":"https:\/\/tennisverein-rassach.at\/?page_id=146","title":{"rendered":"Mitglied werden"},"content":{"rendered":"<h1>Werde Teil unserer Gemeinschaft<\/h1>\n<p data-pm-slice=\"1 1 [&quot;list&quot;,{&quot;spread&quot;:false,&quot;start&quot;:2344,&quot;end&quot;:2502},&quot;regular_list_item&quot;,{&quot;start&quot;:2344,&quot;end&quot;:2502}]\">Wir freuen uns \u00fcber jedes neue Mitglied in unserem Tennisverein! Gemeinsam erleben wir sportliche Highlights und eine tolle Vereinsatmosph\u00e4re.<\/p>\n<p data-pm-slice=\"1 1 []\">Wenn du Mitglied werden m\u00f6chtest, sende uns ganz einfach eine Anfrage \u00fcber unser Kontaktformular. Unser Team meldet sich zeitnah bei dir.<\/p>\n<ul>\n<li data-pm-slice=\"2 4 [&quot;list&quot;,{&quot;spread&quot;:true,&quot;start&quot;:2644,&quot;end&quot;:2912}]\">\n<p><strong>M\u00f6glichkeiten:<\/strong> <em>Du kannst unsere Tennispl\u00e4tze durch folgende Optionen nutzen:<\/em><\/p>\n<ul data-spread=\"false\">\n<li>\n<p>Mitgliedschaft (f\u00fcr Erwachsene und Jugendliche)<\/p>\n<\/li>\n<li>\n<p>Einzelbuchungen f\u00fcr G\u00e4ste<\/p>\n<\/li>\n<\/ul>\n<\/li>\n<\/ul>\n<p>TARIFE:<\/p>\n<p>&nbsp;<\/p>\n<table style=\"height: 251px;\" width=\"870\">\n<tbody>\n<tr style=\"height: 68px;\">\n<td style=\"width: 596px; height: 68px;\">\n<p><strong>Kategorie<\/strong><\/p>\n<\/td>\n<td style=\"width: 124px; height: 68px;\">Preis 2025<\/td>\n<td style=\"width: 73px; height: 68px;\">&nbsp;<\/td>\n<\/tr>\n<tr style=\"height: 23px;\">\n<td style=\"width: 596px; height: 23px;\">Erwachsene<\/td>\n<td style=\"width: 124px; height: 23px;\">100,00 \u20ac<\/td>\n<td style=\"width: 73px; height: 23px;\">&nbsp;<\/td>\n<\/tr>\n<tr style=\"height: 23px;\">\n<td style=\"width: 596px; height: 23px;\">Erwachsener mit einem Kind<\/td>\n<td style=\"width: 124px; height: 23px;\">120,00 \u20ac<\/td>\n<td style=\"width: 73px; height: 23px;\">&nbsp;<\/td>\n<\/tr>\n<tr style=\"height: 23px;\">\n<td style=\"width: 596px; height: 23px;\">Ehepaare oder Lebensgemeinschaften<\/td>\n<td style=\"width: 124px; height: 23px;\">170,00 \u20ac<\/td>\n<td style=\"width: 73px; height: 23px;\">&nbsp;<\/td>\n<\/tr>\n<tr style=\"height: 23px;\">\n<td style=\"width: 596px; height: 23px;\">Ehepaare oder Lebensgem. mit 1 Kind bis 15 Jahre<\/td>\n<td style=\"width: 124px; height: 23px;\">190,00 \u20ac<\/td>\n<td style=\"width: 73px; height: 23px;\">&nbsp;<\/td>\n<\/tr>\n<tr style=\"height: 23px;\">\n<td style=\"width: 596px; height: 23px;\">Ehepaare oder Lebensgem. mit 2 oder mehr Kinder bis 15 Jahre<\/td>\n<td style=\"width: 124px; height: 23px;\">210,00 \u20ac<\/td>\n<td style=\"width: 73px; height: 23px;\">&nbsp;<\/td>\n<\/tr>\n<tr style=\"height: 23px;\">\n<td style=\"width: 596px; height: 23px;\">Sch\u00fcler\/Student\/Lehrling ab 15 Jahre<\/td>\n<td style=\"width: 124px; height: 23px;\">&nbsp; 60,00 \u20ac<\/td>\n<td style=\"width: 73px; height: 23px;\">&nbsp;<\/td>\n<\/tr>\n<tr style=\"height: 23px;\">\n<td style=\"width: 596px; height: 23px;\">Erwachsene Person mit 1 Sch\u00fcler\/Student\/Lehrling<\/td>\n<td style=\"width: 124px; height: 23px;\">140,00 \u20ac<\/td>\n<td style=\"width: 73px; height: 23px;\">&nbsp;<\/td>\n<\/tr>\n<tr style=\"height: 23px;\">\n<td style=\"width: 596px; height: 23px;\">Kinder\/Sch\u00fcler von 9-15 Jahre<\/td>\n<td style=\"width: 124px; height: 23px;\">&nbsp; 30,00 \u20ac<\/td>\n<td style=\"width: 73px; height: 23px;\">&nbsp;<\/td>\n<\/tr>\n<\/tbody>\n<\/table>\n\n\n<p><a href=\"mailto:vorstand@tennisverein-rassach.at\">Mitglied werden<\/a><\/p>\n\n\n\n<p><\/p>\n","protected":false},"excerpt":{"rendered":"<p>Werde Teil unserer Gemeinschaft Wir freuen uns \u00fcber jedes neue Mitglied in unserem Tennisverein! Gemeinsam erleben wir sportliche Highlights und eine tolle Vereinsatmosph\u00e4re. Wenn du Mitglied werden m\u00f6chtest, sende uns ganz einfach eine Anfrage \u00fcber unser Kontaktformular. Unser Team meldet sich zeitnah bei dir. M\u00f6glichkeiten: Du kannst unsere Tennispl\u00e4tze durch folgende Optionen nutzen: Mitgliedschaft (f\u00fcr &hellip; <a href=\"https:\/\/tennisverein-rassach.at\/?page_id=146\" class=\"more-link\"><span class=\"screen-reader-text\">Mitglied werden<\/span> weiterlesen <span class=\"meta-nav\">&rarr;<\/span><\/a><\/p>\n","protected":false},"author":1,"featured_media":0,"parent":242,"menu_order":0,"comment_status":"closed","ping_status":"open","template":"","meta":{"ngg_post_thumbnail":0,"footnotes":""},"class_list":["post-146","page","type-page","status-publish","hentry"],"_links":{"self":[{"href":"https:\/\/tennisverein-rassach.at\/index.php?rest_route=\/wp\/v2\/pages\/146","targetHints":{"allow":["GET"]}}],"collection":[{"href":"https:\/\/tennisverein-rassach.at\/index.php?rest_route=\/wp\/v2\/pages"}],"about":[{"href":"https:\/\/tennisverein-rassach.at\/index.php?rest_route=\/wp\/v2\/types\/page"}],"author":[{"embeddable":true,"href":"https:\/\/tennisverein-rassach.at\/index.php?rest_route=\/wp\/v2\/users\/1"}],"replies":[{"embeddable":true,"href":"https:\/\/tennisverein-rassach.at\/index.php?rest_route=%2Fwp%2Fv2%2Fcomments&post=146"}],"version-history":[{"count":11,"href":"https:\/\/tennisverein-rassach.at\/index.php?rest_route=\/wp\/v2\/pages\/146\/revisions"}],"predecessor-version":[{"id":1434,"href":"https:\/\/tennisverein-rassach.at\/index.php?rest_route=\/wp\/v2\/pages\/146\/revisions\/1434"}],"up":[{"embeddable":true,"href":"https:\/\/tennisverein-rassach.at\/index.php?rest_route=\/wp\/v2\/pages\/242"}],"wp:attachment":[{"href":"https:\/\/tennisverein-rassach.at\/index.php?rest_route=%2Fwp%2Fv2%2Fmedia&parent=146"}],"curies":[{"name":"wp","href":"https:\/\/api.w.org\/{rel}","templated":true}]}}