{"id":245,"date":"2014-03-26T16:00:08","date_gmt":"2014-03-26T14:00:08","guid":{"rendered":"https:\/\/tennisverein-rassach.at\/wordpress\/?page_id=245"},"modified":"2025-01-21T12:01:20","modified_gmt":"2025-01-21T10:01:20","slug":"kontaktformular","status":"publish","type":"page","link":"https:\/\/tennisverein-rassach.at\/?page_id=245","title":{"rendered":"Kontaktformular"},"content":{"rendered":"\n<p><strong>Hast du Fragen? Wir sind f\u00fcr dich da!<\/strong><br>Du m\u00f6chtest mehr \u00fcber unseren Verein oder die Tennispl\u00e4tze erfahren? Kein Problem! Schreib uns einfach \u00fcber das Kontaktformular \u2013 wir freuen uns auf deine Nachricht und helfen dir gerne weiter.<\/p>\n\n\n\n<p><\/p>\n","protected":false},"excerpt":{"rendered":"<p>Hast du Fragen? Wir sind f\u00fcr dich da!Du m\u00f6chtest mehr \u00fcber unseren Verein oder die Tennispl\u00e4tze erfahren? Kein Problem! Schreib uns einfach \u00fcber das Kontaktformular \u2013 wir freuen uns auf deine Nachricht und helfen dir gerne weiter.<\/p>\n","protected":false},"author":1,"featured_media":0,"parent":242,"menu_order":0,"comment_status":"open","ping_status":"open","template":"KontaktForm.php","meta":{"ngg_post_thumbnail":0,"footnotes":""},"class_list":["post-245","page","type-page","status-publish","hentry"],"_links":{"self":[{"href":"https:\/\/tennisverein-rassach.at\/index.php?rest_route=\/wp\/v2\/pages\/245","targetHints":{"allow":["GET"]}}],"collection":[{"href":"https:\/\/tennisverein-rassach.at\/index.php?rest_route=\/wp\/v2\/pages"}],"about":[{"href":"https:\/\/tennisverein-rassach.at\/index.php?rest_route=\/wp\/v2\/types\/page"}],"author":[{"embeddable":true,"href":"https:\/\/tennisverein-rassach.at\/index.php?rest_route=\/wp\/v2\/users\/1"}],"replies":[{"embeddable":true,"href":"https:\/\/tennisverein-rassach.at\/index.php?rest_route=%2Fwp%2Fv2%2Fcomments&post=245"}],"version-history":[{"count":3,"href":"https:\/\/tennisverein-rassach.at\/index.php?rest_route=\/wp\/v2\/pages\/245\/revisions"}],"predecessor-version":[{"id":1436,"href":"https:\/\/tennisverein-rassach.at\/index.php?rest_route=\/wp\/v2\/pages\/245\/revisions\/1436"}],"up":[{"embeddable":true,"href":"https:\/\/tennisverein-rassach.at\/index.php?rest_route=\/wp\/v2\/pages\/242"}],"wp:attachment":[{"href":"https:\/\/tennisverein-rassach.at\/index.php?rest_route=%2Fwp%2Fv2%2Fmedia&parent=245"}],"curies":[{"name":"wp","href":"https:\/\/api.w.org\/{rel}","templated":true}]}}